greatest common factor of h and 12.
6
Suppose -6*v = -5*v - 30. Calculate the greatest common factor of v and 45.
15
Let u = -43 - -77. Calculate the greatest common divisor of u and 51.
17
Let b(t) = -t**2 + 18*t + 9. Let h be b(13). Calculate the greatest common divisor of 37 and h.
37
Suppose -2*r + 5*r = 42. Let x be (1 - -97)*(-6)/(-18)*3. Calculate the highest common divisor of r and x.
14
Let w be 0*(3 - (-21)/(-6)). Suppose w = -5*h + 5, 5*i - h + 0*h = 84. Calculate the greatest common factor of i and 51.
17
Suppose 0*m + 3*m - 84 = 0. What is the greatest common factor of 4 and m?
4
Let t(u) = -u**2 + 7*u. Let m = 18 + -13. Let v be t(m). Suppose 3*j = o - 18, -3*j = 2*o - v - 35. What is the greatest common factor of o and 3?
3
Let s(u) = 38*u - 4. Let p be s(3). Calculate the highest common factor of p and 44.
22
Let p be (-24)/(-9)*(-18)/(-4). Suppose 3*c = 7*c - 48. What is the highest common divisor of c and p?
12
Let n = 3 + -2. Let w(p) = -4*p + p - n - 5. Let a be w(-5). Calculate the highest common divisor of 99 and a.
9
Let l be ((-85)/(-4))/((-1)/4). Let w = l - -166. What is the highest common divisor of w and 9?
9
Let q = 385 - 275. What is the greatest common factor of 22 and q?
22
Suppose 0*k - 4*k + 76 = -5*y, -5*y - 34 = -k. Calculate the greatest common divisor of 14 and k.
14
Let i be 236/2 - (-27 - -25). Calculate the highest common factor of 40 and i.
40
Let a be ((-800)/(-5))/(2 - 1). What is the highest common divisor of 20 and a?
20
Let a(q) = 7*q**2 + 5*q - 6. Let r be a(-5). Suppose -8*g + 80 = -3*g. What is the highest common factor of r and g?
16
Suppose -l = -6 - 3. What is the greatest common divisor of l and 27?
9
Let z be 22/3 - 2/6. Suppose -4*q + 29 = p, -q + 10*p - 5*p + 2 = 0. Calculate the greatest common divisor of q and z.
7
Suppose h - 3 - 3 = 0. What is the highest common divisor of 6 and h?
6
Suppose -4*l + 75 + 69 = 0. Suppose -2*p + 68 = 5*o + 4, -3*o - 3*p + 42 = 0. Calculate the greatest common divisor of o and l.
12
Suppose -2*q + 3*q = t + 1, -3*q = 3*t - 21. Let c be q + (0 - (-1)/1). Suppose c*d - 76 = 44. What is the highest common factor of d and 3?
3
Let a(b) = -b**3 - 5*b**2 + 4. Let q be a(-5). Suppose 0 = -j - q*j + 560. What is the highest common divisor of j and 14?
14
Let l(t) = -6*t + 1. Let a(s) = 7*s - 2. Let j(q) = -5*a(q) - 6*l(q). Let u be j(7). Calculate the greatest common factor of u and 121.
11
Let w(j) be the third derivative of -j**6/120 + j**4/24 + 25*j**3/6 + 6*j**2. Let u be w(0). Calculate the greatest common factor of u and 10.
5
Let x be (-4)/(-14) - 111/21. Let f(z) be the third derivative of -z**4/24 - z**3/6 + 2*z**2. Let v be f(x). Calculate the greatest common factor of 1 and v.
1
Suppose 4 = f + f. Let l be (-2)/(((-1)/(-2))/(-1)). Suppose -l*k + 3*k - t + 30 = 0, -2*k + f*t + 72 = 0. Calculate the highest common divisor of k and 3.
3
Suppose -40 = 2*g + 3*g. Let b(w) = -w**3 - 7*w**2 + 7*w - 4. Let q be b(g). What is the highest common divisor of q and 10?
2
Let s(c) = 3*c - 34. Let o be s(15). Let k(w) = 0 + 1 + 7 - 6*w. Let i be k(-6). What is the highest common divisor of o and i?
11
Let h be 1 - (0/3 + -79). Calculate the greatest common factor of 8 and h.
8
Let n(g) = g**3 + 8*g**2 + 4*g + 7. Let x be n(-6). What is the highest common divisor of 5 and x?
5
Let i = -122 - -302. Calculate the greatest common divisor of i and 36.
36
Let f = -12 - -25. What is the greatest common factor of 13 and f?
13
Let g = -9 + 11. Suppose -86 = -0*q - 2*q + 3*y, g*q - 2*y - 84 = 0. Let s = -5 + 10. What is the greatest common divisor of s and q?
5
Let w be (8/10)/(16/360). What is the greatest common divisor of w and 9?
9
Let l(p) = p**2 - p + 1. Let v be l(2). What is the highest common factor of v and 1?
1
Let p = -19 + 29. Let i = 13 - p. Suppose x - 17 = i. What is the greatest common divisor of 20 and x?
20
Suppose 2*u = m + 2*m - 38, 0 = -5*m + 2*u + 62. Suppose -b = -0 - 4. Calculate the highest common divisor of m and b.
4
Let z(n) = 2*n**2 - 4*n**2 - 3*n**3 - 2*n - 3 + n**3. Let v be z(-2). Let b = 21 - -15. Calculate the highest common divisor of b and v.
9
Let f be 725/29 + -1*5. Calculate the highest common factor of 5 and f.
5
Suppose 3 = 2*d - 7. Suppose 7 = 4*a - d. Suppose 2*t - 21 = a. What is the greatest common factor of 12 and t?
12
Suppose 2*c = 5*a - 88 + 32, 38 = 5*a + 4*c. Let s = -78 + 168. Calculate the greatest common divisor of a and s.
10
Suppose c + 0*c + 2*o + 15 = 0, -4*o + 25 = -3*c. Let v = 16 + c. Calculate the greatest common divisor of v and 2.
1
Let u(i) = i**2 - 12*i + 8. Let v be u(4). Let w = 24 - v. What is the greatest common divisor of 24 and w?
24
Suppose -2*z + 3*q = -14, 0*z + 4*q = z - 12. Suppose 2*n = -0*n + 24. Suppose -n = -o - z. What is the greatest common factor of 1 and o?
1
Suppose -5*r + 44 + 131 = 0. Calculate the greatest common divisor of r and 7.
7
Suppose 5*w = -2*a + 38, 3*w - 37 = -a - 15. Let g = -36 - -54. Calculate the highest common divisor of g and w.
6
Suppose 2*x = 495 + 67. Suppose -3*v + 16 = w, -5*w + 12 + 13 = 4*v. Suppose -v*b - 2*q = -q - x, -4*q = -4. What is the greatest common factor of 7 and b?
7
Suppose -3*a = r - 8 - 5, 0 = -2*a + r + 7. Suppose a*f = 2*f + 24. Suppose 2*x = 64 - f. Calculate the greatest common factor of 13 and x.
13
Let t = -93 - -174. Calculate the highest common factor of t and 18.
9
Suppose f = 5*f - 120. What is the highest common divisor of f and 10?
10
Let w = 96 - 70. Calculate the highest common factor of w and 130.
26
Let i(s) = 6*s**2 + 2*s - 42. Let z be i(-7). Calculate the greatest common factor of 34 and z.
34
Let c be 10/4*(1 + 1). Let l be (2 + (-3)/2)*10. Suppose l*q - 60 = 5*a, 0 = 5*q + 2*a - c*a - 56. What is the highest common divisor of q and 4?
2
Suppose 0 = -3*r + f + 153 + 7, 112 = 2*r - 2*f. What is the greatest common factor of r and 13?
13
Suppose -z = 4*z - 30. Suppose a + 45 = z*a. What is the highest common divisor of a and 81?
9
Let z(d) = 0*d - 3*d + 2*d. Let s be z(0). Let l(f) = f**3 - f + 6. Let p be l(s). What is the highest common divisor of p and 66?
6
Suppose 2*j = 2 + 38. What is the greatest common factor of j and 50?
10
Let o be 12/(-42) + (-268)/(-7). Suppose -2*v + o = 14. Suppose -2*h = 2*h - 96. Calculate the highest common factor of h and v.
12
Suppose 0 = 5*k - 34 - 21. Suppose 4*f + 0*f = -4*j + 116, 0 = 3*f - j - 103. What is the highest common factor of f and k?
11
Let z(s) = s - 7. Let g be z(12). Let u be -1*22*(-5)/2. Calculate the greatest common divisor of u and g.
5
Suppose -8*m = -3*m - 275. Let c = 25 + -10. Let v be 2*(-2 + c/2). Calculate the highest common factor of v and m.
11
Suppose -2*m = 32 - 282. Let o = m - 69. Let j = 17 - 9. What is the greatest common factor of j and o?
8
Let d(x) = 3*x - 5. Let f be d(5). Suppose f*p - 6*p = 440. What is the greatest common divisor of p and 10?
10
Suppose -i = -4*d - 12, -i + 5*d = -5*i - 36. Let n(m) = -19*m + 1. Let x be n(i). Calculate the highest common divisor of x and 7.
7
Let u be (110/15)/((-2)/(-51)). What is the greatest common factor of u and 17?
17
Suppose r = 4*i + 17, -4*i + 3*i = -2*r + 41. Calculate the highest common factor of 28 and r.
7
Suppose -3*c = -4*l - 4, -4 = -l + 5*c - 22. Suppose r = 3 - l. Suppose -4*q - 2*z + 13 = 1, -5*q = z - 15. Calculate the highest common factor of r and q.
1
Let r(d) = -d**2 + 5*d - 2. Let y be r(2). Suppose y*h = -0*h + x + 49, 38 = 3*h - 2*x. Let w be (-4)/(h/9)*-2. What is the greatest common divisor of 6 and w?
6
Let t = -4 - -11. Let y = t + 9. Calculate the greatest common divisor of 40 and y.
8
Let z(s) = 8*s - 9. Suppose 2 - 6 = -4*j. Let k(x) = 9*x**2 - x. Let i be k(j). Let r be z(i). What is the highest common factor of 5 and r?
5
Let r(l) = -l**2 + 5*l - 3. Let x be r(3). Suppose -a - x*o = -44, -3*a + 209 = a + o. Let u = a + -32. Calculate the highest common factor of u and 14.
7
Let v = 2 - 28. Suppose 10 = -2*g - 4*y, 4*g + 4*y + 40 - 4 = 0. Let b = g - v. Calculate the greatest common factor of b and 52.
13
Let h be (-35 + 0)*(-30)/(-25). Let c = 73 - 12. Let a = h + c. What is the highest common divisor of a and 57?
19
Let w be 742/4 - (5 - (-36)/(-8)). Calculate the highest commo